 + -21 + (0 - -17).
-60
What is the value of 17 + -2 + -3 + (-33 + -6 - -10)?
-17
What is the value of -6 + 25 + -18 - (1 - (54 - 1))?
53
Evaluate 48 - (141 + -19) - -115.
41
(-55 - -75) + -9 + 16 + 24
51
Calculate -44 + -6 + 17 + 11 + -21 - -2.
-41
38 - (94 + -46 + 6)
-16
-15 + (30 - (-13 + (14 - -3))) + 44
55
68 + -163 + 251 - 31
125
107 + -82 + (-76 - -121)
70
What is the value of 63 + 27 - -29 - 56?
63
What is the value of -13 - (34 - (-23 + 29 + 24))?
-17
What is 101 - (-9 + 75 + -24) - 29?
30
Evaluate (4 - 8 - -46) + -1 + (556 - 538).
59
What is -50 - 4 - (20 + -5 + -32 + 16)?
-53
What is -10 - (27 + -42 + 21 + 6)?
-22
What is (-6 - -11) + (-25 - (-9 + -2)) - 5 - 81?
-95
-105 + (-29 - (-3 + (0 - -4) - 15)) - -3
-117
What is (-51 - (-37 + 8)) + 53?
31
What is -31 + 3 - (81 - (87 - 21))?
-43
Calculate 34 + -52 + 14 - (1 + 103).
-108
What is -2 - 111 - (73 + -46 - (50 - 14))?
-104
What is the value of -86 - (-40 - (-71 - -101))?
-16
What is -61 + (-49 - (85 - 167))?
-28
Calculate 23 - ((-13 - -19) + -2 - 10).
29
Calculate 25 + (-82 - 6) - -20.
-43
Evaluate -101 - (-14 + 23) - (-13 - (3 + 0 + -3)).
-97
What is the value of ((38 - 42) + -6 - -111) + 13 + (0 - -1)?
115
What is the value of 19 - 5 - (12 + (4 - 1))?
-1
Calculate -117 + 44 - (505 + -609).
31
23 + (79 - -19) + -31 - 13
77
What is -76 + -26 + 51 + -55 - (2 + -5 - -1)?
-104
What is 14 + 81 + (40 - 31) + -29?
75
Calculate 24 + -13 - (-3 - (30 - 29)).
15
Calculate -1 + (9 - 11 - -60) + -16 + 35.
76
What is the value of -10 + (4 - (17 - 6) - -6 - 24)?
-35
What is 17 + -16 + 8 + (-17 - 2 - (51 + -42))?
-19
What is -12 + 50 + (-20 - -5) - 16?
7
What is the value of 45 - (46 - (64 - 52))?
11
What is 9 + -2 + 1 - (70 - (-69 - -129))?
-2
Calculate (1 - 13) + (-1 - -12) + 5560 + -5610.
-51
(-275 - -124) + 191 + 41 + 1
82
What is the value of 13 + ((-8 - -21) + (-6 - -22 - -5) - 5)?
42
24 + -83 - (-93 + -61)
95
Calculate -78 - (-19 + -20) - (-124 + 9).
76
Calculate -11 + 7 + -2 - (27 + 0) - (56 + -69).
-20
-296 - -296 - (1 + (1 - -2 - 40 - 4))
40
-1 - -18 - (15 - (-47 - -10) - -26)
-61
(459 - 393) + -85 + 0
-19
Evaluate 2 + 0 + -67 + 5 - (6 + -21 - -10).
-55
Evaluate (0 - 11) + (30 - (-7 + 54) - (-58 - 1)).
31
What is -10 - (-55 + 19) - -9?
35
What is the value of 12 + -34 + (3 - 12 - -10) - 75?
-96
What is the value of 37 + (25 + -65 - 66)?
-69
Evaluate (-27 - -31) + -31 + 21 + -10.
-16
What is the value of (-19 + -7 + 16 + 1 - 6) + 2 + -15?
-28
(21 - -92) + -113 - -43
43
41 - ((-8 - -2) + 2 + -11 + 5 + -1)
52
Calculate (-1 - 69 - -2) + (-21 - (22 + -19) - -18).
-74
What is 17 - ((3 - (-17 + 31)) + 0 + 1)?
27
14 + -6 + -1 + -2 + 8 - 1
12
What is 43 + (-2 - 0) - (-5 - 1) - (105 - 91)?
33
(0 - -2) + 1 - (-125 - (-84 + -15))
29
Evaluate (9 + -41 - -16) + -46 - (-2 + 9).
-69
What is -35 + 88 + -41 + -33?
-21
What is the value of (-2993 - -2997) + (2 - (0 - -14) - -1)?
-7
Calculate -18 + 19 + ((-9 - -1) + 16 - 0) - 110.
-101
Calculate -14 - (3 - (-12 - (-53 + -18))).
42
What is the value of 3 + (26 - (25 + -14)) + 27?
45
Calculate -2 - (8 + 17 + (-8 - (1 - -3))).
-15
What is the value of (1 - -26) + 4 + (-43 - -58) + -24 + -14?
8
What is (6 - 29 - -1 - 9) + 7?
-24
(1 + 8 - (-29 - -91 - -26)) + -4 + -1
-84
What is the value of 1 - (-15 + (29 - -20) - 167)?
134
Calculate 2 + 55 + (3 + -18 + 22 - -3).
67
Calculate -70 - (-42 + (-35 - (-53 + 18))).
-28
What is the value of -348 - -333 - (59 - (-11 - (-11 - -9)))?
-83
Calculate ((-7 - 8) + 27 - 52) + 18.
-22
132 + -90 + 5 + 0 + (142 - 153)
36
(-24 - (-65 + 18 - -21)) + (-69 - -1)
-66
Evaluate -5 + -14 + -1 + (136 + 8 + -17 - -29).
136
What is the value of -95 - (11 - 3 - ((17 - 16) + (-17 - -22)))?
-97
What is the value of (340 - 556 - -205) + (2 - -11 - (0 - 0))?
2
-22 + -27 + 91 + -51
-9
What is 85 + 4 + -49 + -18?
22
Evaluate 223 + -258 - (-46 + 3).
8
(4 - (16 + (22 - 40))) + (19 - (-3 + 1))
27
Evaluate -65 + (1739 + -1722 - (1 - 2)).
-47
What is the value of 50 + -16 + -30 + 7?
11
(0 - -7 - 29) + 45
23
-10 + 2 + (12 - 7) + -1 - -5
1
-6 - (-9 - 9) - (-6 + 14 - 7)
11
Calculate 32 - ((8 - (0 - -3)) + (-5 - -12 - 19)).
39
(-68 - ((-49 - (-1 - 16)) + 18)) + 11
-43
Evaluate -33 + (64 - 4) + -89.
-62
What is the value of (17 + 0 - (-68 + 67)) + 11?
29
What is (-3 - -3) + (9 - (-6 + 28) - -102 - -1)?
90
What is 5 + (11 - 21) + 7 + -19 + -9?
-26
Calculate (1 - 5) + (-40 - 7).
-51
Calculate (121 - 127) + 102 + -59.
37
(-244 - (255 - 469)) + -1 + 38
7
What is the value of 25 + 138 + -20 + -67?
76
32 - (5 - (-26 + 37) - (0 - -7))
45
What is 1416 - 1417 - ((-27 - -2) + (-1 - 0))?
25
-19 + (18 - -5) + -97 + 89
-4
Calculate -49 + 54 + -21 + 4 + -17.
-29
What is the value of (0 - -53) + -75 + (3 - (-4 - -4))?
-19
What is the value of 1 + -23 - (0 - 1) - (50 - (26 + 12))?
-33
What is the value of -91 - (132 - (116 - -5))?
-102
What is the value of (-39 - -36) + 17 + 1 - 68?
-53
Evaluate -64 - (-23 - (-46 + 52)) - -134.
99
What is the value of -60 - -27 - (-9 + -9 + 34)?
-49
Evaluate (7 - (82 + -27)) + -26 - 22.
-96
What is the value of 51 + -61 + -20 + 136?
106
What is the value of (7 - (70 + -40)) + 148 + -1?
124
Calculate 68 - (72 + 38) - 0.
-42
-19 + 7 - (19 - 14 - -8)
-25
(34 - (60 + -23)) + (60 + 1 - 4)
54
Calculate -1 + 4 + (-3637 - -3642).
8
Evaluate 12 + 5 + 0 - ((-35 - -41) + -27).
38
8581 - 8537 - (1 - -133)
-90
Evaluate (795 - 775) + (-5 + 8 - 9).
14
What is -8 + -107 - -52 - (2 + -27)?
-38
(24 - -1) + -168 + -5 + 19 + 45
-84
-80 + 74 + -2 + -9 + -40
-57
What is the value of (-213 - -147) + 77 - 21?
-10
Calculate -1 + 5 + 104 + -2 + (-109 - -19 - -82).
98
What is the value of (77 - 71) + (-5 - 5) + -14?
-18
What is the value of 29 + 32 - (4 - 2 - (15 + -9 + 0))?
65
What is (-16 - -88) + -64 - (1 + 3) - (3 + -6)?
7
(-11 - 4 - -3) + (-1 - -3 - (-5 + 17))
-22
What is the value of 0 + -53 + (1 + -10 + 11 - (0 - -2))?
-53
What is 34 + (-4 - -9) + (-13 + -11 - -12 - -7)?
34
Calculate (0 + 0 + 2 - -1) + (81 - 75) - -67.
76
What is the value of (22 - 51) + 31 - -10?
12
Evaluate 1 + -80 + (465 - 108 - 401).
-123
Evaluate -4 - ((210 - 227) + (-39 - 0)).
52
-56 + (135 - 71) - 38
-30
-25 + 77 + 152 - 84
120
Evaluate 6 + -12 + 68 - 49 - (-1 + (3 - -59)).
-48
What is the value of (-4 - -9 - -53) + 8 + (7 - (5 - 3))?
71
What is the value of (-19 - -41) + (-16 - -35)?
41
Calculate -24 - -6 - (13 + (-184 - -4) - -33).
116
Calculate (0 + -11 - -12) + 16 - (0 - -4).
13
What is (37 - (39 - -6)) + (2 - (4 + -1)) - 7?
-16
What is the value of 11 + -22 + 37 + -22 + 28?
32
-26 + (97 - -8 - 42)
37
-84 + 58 - ((52 - 23 - 21) + -1 + -3)
-30
Evaluate 14 + (7 - (1 - 15)) + -16.
19
What is the value of 22 - (-51 + 36 + -13 + -5)?
55
-10 - (-11 + -19) - (-1 + (0 - 6))
27
-46 + -4 - (9 - (9 + 6) - 7)
-37
Evaluate 2 - (-7 + 21) - -13 - -8.
9
What is the value of -48 + 24 - -21 - (3 - -18)?
-24
Evaluate -26 + (13 - (-5 + 28) - -4 - 4).
-36
Calculate (11 - -1) + (27 + 1 - -78) + -15.
103
Evaluate -4 + -50 - (27 - -5 - 25) - 17.
-78
Calculate -3 - ((3 - 0) + (52 - 40) + 3 + -19).
-2
What is 4 - (-55 - 25) - 155?
-71
What is 1 + -1 - (575 - 579)?
4
What is the value of -17 + -6 - (13 - (12 - -8 - 2))?
-18
What is 37 - (-37 - (-34 + -22))?
18
What is the value of (-26 - (-16 - (-19 + 21))) + (1 - 4) + -5?
-16
(-9 - 39) + (32 - 68)
-84
43 + -41 - (3 - 2 - (1 + -10))
-8
Calculate -25 - (-13 + -18) - -24.
30
What is the value of 32 + (28 - (99 - 41))?
2
(6 - 3 - (-5 + 17 + 15 + -15)) + 50
41
-7 - (43 + (38 - 99))
11
Evaluate 14994 + -14978 + (38 - 0).
54
Calculate -49 + (0 - -1 - 7) + 471 + -473 + 12.
-45
Evaluate -67 + (9 - -14) + -1 - 4.
-49
What is -70 + 12 - ((-7 - -1) + 31 + -37)?
-46
What is -9 - (-26 + (-12 + -3 - -37))?
-5
57 + -50 + (-18 - -1) + -12 - -135
113
26 - (-3 + 6 + -13) - 103
-67
Evaluate -47 - (-25 + -9) - 0.
-13
Calculate 3 + -2 + 3 + 849 + -739 - 6.
108
-38 + (-2 - (-36 - -8)) - (-75 - 1)
64
Evaluate 124 - 92 - (-5 - 3 - -21 - 6).
25
What is 1 + (-49 - (-25 - -4)) - -61?
34
-5 + (-8 - -2) + -80 + 18 - -1
-72
Evaluate (-46 - (9 - 4)) + (27 + -17 - 6).
-47
What is the value of (-12 - 4) + (18 - 4) + (36 - 0)?
34
What is -9 + (10 - ((-14 - -9) + 8 - -7))?
-9
What is -7 + 70 - (-453 - -557)?
-41
3 + 1 + -2 + (-30 - 5) - (17 - 25)
-25
What is the value of -48 - -40 - 7 - 